p) = 6*p**2 + 3*p**2 + 2 - 5*p**2 - 3*p**2 + 9*p. Determine w(-6).
-16
Let x(y) = y - 6. Let b be x(0). Let c(g) = g**2 + g - 4. Let a(i) = -2*i**2 - i + 7. Let m(q) = 3*a(q) + 7*c(q). Determine m(b).
5
Let u be ((-18)/(-5))/(6/45). Let z = 1 - u. Let f be z/(-6) - 2/6. Let v(d) = -d**3 + 4*d**2 + d - 4. What is v(f)?
0
Let f(w) be the first derivative of -w**4/4 + 2*w**3 + w**2 - 6*w + 6. Determine f(6).
6
Let j be ((-48)/20)/(6/(-20)). Let f = j + -9. Let w(v) = -5*v - 5. Let c(d) = 5*d + 4. Let g(y) = -4*c(y) - 3*w(y). Give g(f).
4
Suppose -3*k = 2*l + 12, 5*k - 3*l + 1 = -0. Let h(m) = -m**2 - 7*m + 4. Let z(r) = -3*r**2 - 22*r + 11. Let u(y) = k*z(y) + 7*h(y). Calculate u(-6).
0
Let r(s) be the third derivative of s**5/60 + s**4/12 - 53*s**2. What is r(2)?
8
Let n = -5 + 9. Let q = 3 - 1. Let z(p) = -3 + p - q*p - n*p. Give z(-2).
7
Let m(n) = -n**3 + 4*n**2 + n + 1. Let a(z) = -3*z + 5 + 6 + 2*z. Let c be a(7). Determine m(c).
5
Let g(z) = -z**3 + z**2 + 4*z + 3. Let x be 5/2*24/(-30). Give g(x).
7
Let t(v) = -7*v**2 - 5*v + 4. Let p(s) = -20*s**2 - 14*s + 11. Let d(j) = -6*p(j) + 17*t(j). Determine d(2).
4
Suppose -7 = l - 3*w, l + 5*w + 0 = 33. Let v(a) = a**3 - 7*a**2 - 9*a - 7. Determine v(l).
-15
Let q(n) = -n**3 - 5*n**2 + 2*n + 1. Suppose y = -4*y + 10. Let p(u) = -3*u**3 - 14*u**2 + 7*u + 2. Let s(h) = y*p(h) - 7*q(h). What is s(-7)?
-3
Suppose 0 = -4*w + 3*w - 2*y - 4, -3*y = 0. Let p(g) = -g**3 - 4*g**2 - g + 3. What is p(w)?
7
Let n(k) = k + 6. Suppose 3*r + 2*r = 4*m - 28, -m + 3*r = -7. Let l(a) = -2*a + 9. Let d be l(m). What is n(d)?
1
Let l = 1 - 0. Let x(y) = y**2 + y + 1. Let b(g) = -g**2 + 3*g. Let z(d) = b(d) - x(d). Determine z(l).
-1
Let c = 121 + -122. Let q(r) = r**2 + r + 1. Let z(k) = 3*k**2 + 5*k. Suppose -1 - 11 = -3*a. Let p(g) = a*q(g) + c*z(g). Calculate p(0).
4
Let n be (-1)/((-3)/(-12)) - -4. Let a(b) = -b**3 - 10. Give a(n).
-10
Suppose -19*z = -23*z + 8. Let u(r) be the first derivative of 0*r - 1/2*r**z - 2. Determine u(6).
-6
Suppose -3*o + 5 - 23 = 0. Let c(g) = 6*g**2 + 8*g - 5. Let q(z) = -7*z**2 - 9*z + 6. Let k(a) = o*c(a) - 5*q(a). What is k(-4)?
-4
Let w(j) be the third derivative of j**6/120 + j**5/10 + j**4/24 - 7*j**3/6 - 6*j**2. Give w(-5).
13
Let m(w) = 3*w + 7. Let g(o) = -3*o + 7. Let d(u) = -5*u + 11. Let f(s) = -5*d(s) + 8*g(s). Let j(r) = -4*f(r) + m(r). What is j(6)?
-3
Suppose -3*h - 7 = -z, -2*z + h + 6 = -3*h. Let o(x) = -x - 9. What is o(z)?
-4
Let v be ((-102)/(-85))/(2/5). Let h(l) = -5*l**2 + l + 4. Let t(i) = 6*i**2 - 5. Let y(g) = 4*h(g) + 3*t(g). Calculate y(v).
-5
Let n(h) be the first derivative of 2*h + 1/2*h**4 + 2/3*h**3 - 1 + 0*h**2. Determine n(-2).
-6
Let y(b) = -b**2 + 2*b + 1. Let q be y(-1). Let x(k) = k**3 + k**2 - 2*k. Let w be x(q). Suppose -2*z + 4*z - 2 = w. Let n(l) = -2*l**2 - 1. Give n(z).
-3
Let w(o) be the second derivative of o**4/24 + o**3/3 + o**2/2 - 3*o. Let k(r) be the first derivative of w(r). Determine k(-2).
0
Let w(i) = 4*i - 3*i + 5*i**3 - 2*i**2 - 3*i**3. Give w(2).
10
Suppose 5*w + s = 2*w + 12, w - s = 8. Let i(k) = 3*k**2 + 2*k - 6 - k + 0*k**3 + 6*k - k**3. Let a(x) = x**2 - 1. Let f(t) = -a(t) - i(t). What is f(w)?
-3
Suppose -3*f + 13 = 2*f + 3*u, -2*f + 5*u = 1. Let r(j) = j**2 + 0*j**f + 9*j**3 + j**3 + 0*j**3. Let o = 1 + -2. Calculate r(o).
-9
Let n(w) = -w**3 - 6*w**2 + 1. Let u(d) = -d**3 + 16*d**2 - 15*d - 6. Let c be u(15). Determine n(c).
1
Let i be (0/((-8)/(-4)))/(-2). Let u(q) = q**3 - q**2 + q - 10. What is u(i)?
-10
Let o be 0 + 5 + -6 - 8. Let k(j) = j - 3. Give k(o).
-12
Let z(g) = 0*g**2 + 37 - 3*g**2 + g + 34 - 69. Calculate z(2).
-8
Let q(b) = -2*b**2 + 7*b + 2. Let o(g) = -g**2 + 7*g + 3. Let v(n) = -3*o(n) + 2*q(n). Calculate v(-4).
7
Let j(f) = 13*f**2 - f + 3. Let k(w) = -6*w + 4 + 3*w + 14*w**2 + w. Let b(g) = 3*j(g) - 2*k(g). Determine b(-1).
11
Suppose -2*y + 7 = -3, -4*g - 46 = -2*y. Let f be (-6)/g - 4/(-3). Let x(p) = p**3 - 2*p**2 + 4*p - 3. Calculate x(f).
5
Let p(f) = 3*f - 2. Let b = 34 - 14. Let h = -10 + b. Suppose 4*j - h + 2 = 0. What is p(j)?
4
Let h be ((-28)/8)/(-1) + (-15)/10. Let w(l) = -4*l + 3. What is w(h)?
-5
Let h(a) = 4*a**2 + 7*a + 1. Let d(g) = -3*g**2 - 7*g. Let x(j) = 5*d(j) + 4*h(j). Calculate x(5).
-6
Let y(j) = -j**3 - 4*j**2 + 6*j - 1. Let x(g) = -3*g - 20. Let m be x(-9). Let i be 1/(-2)*-4 - m. Determine y(i).
-6
Let j(y) = -y**3 - 13*y**2 - y - 14. Suppose -4*w = 102 - 50. Give j(w).
-1
Suppose a + 4 = -5*i, 4*i - 5*i - 1 = 0. Let m be (a - 1) + (3 - -2). Let f(j) = j**3 - 6*j**2 + 4*j + 7. Determine f(m).
2
Let c(w) = -12*w + 5. Let p(z) = 3*z - 1. Let m(n) = 2*c(n) + 9*p(n). Calculate m(2).
7
Suppose -3*g + 2*f - 4*f + 35 = 0, 4*f = -5*g + 55. Suppose -6 = -3*z, -5*v + 0 - g = -5*z. Let i(j) = 2*j - 1 - 8*j**2 + 0 - 3*j. Calculate i(v).
-8
Suppose -2*k = -4*a, -k + 3*a = 6*a. Let f(g) = 3*g + 1. Let h(z) be the first derivative of 7*z**2/2 + 2*z + 1. Let u(w) = -5*f(w) + 2*h(w). Give u(k).
-1
Let l(o) be the second derivative of -o**4/6 - 7*o**3/6 - 7*o**2/2 + 23*o. Calculate l(-5).
-22
Let a(n) = 3*n**3 - 16*n**2 - 9*n + 15. Let s(d) = -2*d**3 + 8*d**2 + 4*d - 8. Let l(x) = 3*a(x) + 5*s(x). Determine l(-7).
5
Let x(y) = y**3 - 7*y**2 - 9*y + 8. Let h be x(8). Let q(k) = k + 4. Let g(a) = -a - 3. Let t(r) = 3*g(r) + 4*q(r). Calculate t(h).
7
Let z(q) = -q. Let a be z(-7). Let b(c) = 10*c**3 + 15*c**2 + 12*c + 13. Let n(y) = 7*y**3 + 10*y**2 + 8*y + 9. Let s(r) = a*n(r) - 5*b(r). Calculate s(-4).
-2
Suppose 3*w + 0*d + 2*d - 16 = 0, 4*d = 5*w - 12. Let g(o) = -o**3 + 3*o**2 + 2*o - 3. Determine g(w).
-11
Let t(s) = -3*s - 8 - 1 + 0*s + 10. Suppose 7 = 3*i - j, 2*i - j - 2 = -3*j. Calculate t(i).
-5
Let d(n) = 11*n - 1 - 3*n - 7*n - 1. Calculate d(2).
0
Let t(q) = -2*q**2 + 4*q + 1. Let h(k) = 23*k - 3 - 2 + 6 - 21*k. Let i be (1/2)/((-2)/(-4)). Let j be h(i). Give t(j).
-5
Let l(i) = -2*i + 4. Let u = -6 - -11. Suppose u*d - 14 = 1. Suppose -d*b = g - 13, -4*b - 3*g - 6 = -25. Give l(b).
-4
Let f(l) = -l**3 + l - 2. Let r(z) = z**3 - 4*z**2 - 4*z - 7. Let c be r(5). What is f(c)?
4
Let y(x) = -2*x**2 + 8. Let l(z) = -z**3 + z**2 + z + 1. Let i(b) = -l(b) - y(b). Let h be 6/33 + 2/(-11). Give i(h).
-9
Let h(y) = -y**2 + 5. Let a be h(0). Suppose -20 = -a*p - 0. Suppose -p*o - 8 = 8. Let l(j) = -j**2 - 4*j + 1. Give l(o).
1
Suppose r + 5 = -3*r + z, -2*z = -r - 10. Let q(j) = 4*j**2 - 1. Let y be q(1). Let u(b) = 4*b**3 - 5 - 3*b**y - 2*b**3 - b + b**2 + 0. Give u(r).
-5
Let k(v) = -2 + 3 - 10*v + 7*v + v**2. Give k(2).
-1
Let g(x) = -4*x**3 - x. Suppose -4*a - 10 = -14*a. Calculate g(a).
-5
Let m(g) = -2*g - 4. Suppose -3*v = 2*a - 3, 4*a - 7 = a - 2*v. Let z = a - 9. Give m(z).
8
Let w(x) be the third derivative of -x**5/30 + x**4/12 + x**3/6 - x**2. Let n = -14 + 14. Let h = -2 + n. Give w(h).
-11
Let x = 0 + -5. Let h(s) = -9*s + 8. Let u(c) = -2*c + 2. Let l(o) = 6*h(o) - 26*u(o). Calculate l(x).
6
Let g(q) be the third derivative of q**6/120 - q**5/12 + q**4/6 - q**3/3 - 2*q**2. Give g(4).
-2
Let b(q) = -7*q**3 - q**2. Let p be b(1). Let k(o) = -o**2 - 7*o + 8. Calculate k(p).
0
Let h(z) = -z**3 - 4*z**2 + 7*z + 6. Let r = 10 + -7. Let l = -2 - r. What is h(l)?
-4
Let d(a) = -a**3 + a**2. Let k be d(0). Suppose k = q + q - 5*s, -2*q = -s. Let v(b) = b - 3. Determine v(q).
-3
Let y(h) = h - 1. Let a(j) = -j**3 - 7*j**2 + 4*j + 16. Let o(l) = a(l) + 6*y(l). Give o(-8).
-6
Let i = 14 - 4. Suppose t = 2*q - 7*q - i, 5*t - 3*q - 34 = 0. Let w(u) = u**3 - 5*u**2 + 2*u - 4. What is w(t)?
6
Let r(t) = 3 - 9 + 5 + t. Let i be (1 - (-1)/1) + 3. Calculate r(i).
4
Let q(g) = -g - 3. Let u = -79 - -73. Calculate q(u).
3
Let p(t) = -t**2 - t. Let r(n) = -7*n**2 - n - 1. Let h(b) = -6*p(b) + r(b). What is h(4)?
3
Suppose -10*t - 26 = 24. Let m(g) = -g**3 - 6*g**2 - 5*g. Determine m(t).
0
Let t(x) be the third derivative of -x**6/60 + x**4/24 - x**3/6 + 3*x**2. Let a(j) = -j**3 - 3*j**2 + 4*j + 1. Let i be a(-4). What is t(i)?
-2
Let k(m) = 4*m - 3. Let u be k(2). Suppose 0 = d - u*d - 16. Let y(h) = -2*h - 2 + h + 4*h**3 - 3*h**3 + 4*h**2. Calculate y(d).
2
Let q(v) be the first derivative of -3/2*v**2 + v + 2/3*v**3 - 7. What is q(2)?
3
Let d(j) = -3*j**2 - 3*j - 1. Let p(k) = -4*k